{"id":43,"date":"2013-05-13T11:26:26","date_gmt":"2013-05-13T09:26:26","guid":{"rendered":"http:\/\/www.urlaub-hofbauer.de\/wordpress\/?page_id=43"},"modified":"2022-09-26T12:58:16","modified_gmt":"2022-09-26T10:58:16","slug":"fremdenzimmer","status":"publish","type":"page","link":"http:\/\/www.urlaub-hofbauer.de\/wordpress\/fremdenzimmer\/","title":{"rendered":"G\u00e4stezimmer"},"content":{"rendered":"<p><strong>ngg_shortcode_0_placeholder<\/strong><\/p>\n<p><strong>1 Familien &#8211; Zimmer<\/strong><\/p>\n<ul>\n<li><span style=\"line-height: 22.390625px;\">ca. 35qm mit Dusche \/ WC<\/span><\/li>\n<li>1 Doppelzimmer<\/li>\n<li>1 Kinderzimmer<\/li>\n<li>mit Verbindungst\u00fcre !!!<\/li>\n<li>SAT \/ TV<\/li>\n<\/ul>\n<p><strong>Preis: 20 &#8211; 25 Euro pro Person und \u00dcbernachtung mit Fr\u00fchst\u00fcck<\/strong><br \/>\ngilt f\u00fcr Erwachsene &#8211; Kinder zahlen weniger<\/p>\n<p><strong><span style=\"color: #008000;\">____________________________________________________________________<\/span><\/strong><\/p>\n<p><strong>1 Mehrbett &#8211; Zimmer<\/strong><\/p>\n<ul>\n<li><span style=\"line-height: 16px;\">mit Dusche \/ WC<\/span><\/li>\n<li>Balkon<\/li>\n<li>SAT \/ TV<\/li>\n<\/ul>\n<p><strong>Preis: 20 &#8211; 25 Euro\u00a0<strong>pro Person und \u00dcbernachtung mit Fr\u00fchst\u00fcck<\/strong><\/strong><\/p>\n<p><strong><span style=\"color: #008000;\">____________________________________________________________________<\/span><\/strong><\/p>\n<p><strong>2 Doppel &#8211; Zimmer<\/strong><\/p>\n<ul>\n<li><span style=\"line-height: 16px;\">mit Dusche \/ WC<\/span><\/li>\n<li>Balkon<\/li>\n<li>SAT \/ TV<\/li>\n<\/ul>\n<p><strong>Preis: 20 &#8211; 25 Euro\u00a0<strong>pro Person und \u00dcbernachtung mit Fr\u00fchst\u00fcck<\/strong><\/strong><\/p>\n<p><strong><span style=\"color: #008000;\">____________________________________________________________________<\/span><\/strong><\/p>\n<p><strong>2 Kinderzimmer<\/strong><\/p>\n<p><strong><span style=\"color: #008000;\">____________________________________________________________________<\/span><\/strong><\/p>\n","protected":false},"excerpt":{"rendered":"<p>1 Familien &#8211; Zimmer ca. 35qm mit Dusche \/ WC 1 Doppelzimmer 1 Kinderzimmer mit Verbindungst\u00fcre !!! SAT \/ TV Preis: 20 &#8211; 25 Euro pro Person und \u00dcbernachtung mit Fr\u00fchst\u00fcck gilt f\u00fcr Erwachsene &#8211; Kinder zahlen weniger ____________________________________________________________________ 1 &hellip; <a class=\"more-link\" href=\"http:\/\/www.urlaub-hofbauer.de\/wordpress\/fremdenzimmer\/\">Weiterlesen <span class=\"meta-nav\">&rarr;<\/span><\/a><\/p>\n","protected":false},"author":1,"featured_media":0,"parent":0,"menu_order":0,"comment_status":"closed","ping_status":"open","template":"","meta":{"ngg_post_thumbnail":0,"footnotes":""},"class_list":["post-43","page","type-page","status-publish","hentry"],"_links":{"self":[{"href":"http:\/\/www.urlaub-hofbauer.de\/wordpress\/wp-json\/wp\/v2\/pages\/43","targetHints":{"allow":["GET"]}}],"collection":[{"href":"http:\/\/www.urlaub-hofbauer.de\/wordpress\/wp-json\/wp\/v2\/pages"}],"about":[{"href":"http:\/\/www.urlaub-hofbauer.de\/wordpress\/wp-json\/wp\/v2\/types\/page"}],"author":[{"embeddable":true,"href":"http:\/\/www.urlaub-hofbauer.de\/wordpress\/wp-json\/wp\/v2\/users\/1"}],"replies":[{"embeddable":true,"href":"http:\/\/www.urlaub-hofbauer.de\/wordpress\/wp-json\/wp\/v2\/comments?post=43"}],"version-history":[{"count":10,"href":"http:\/\/www.urlaub-hofbauer.de\/wordpress\/wp-json\/wp\/v2\/pages\/43\/revisions"}],"predecessor-version":[{"id":72,"href":"http:\/\/www.urlaub-hofbauer.de\/wordpress\/wp-json\/wp\/v2\/pages\/43\/revisions\/72"}],"wp:attachment":[{"href":"http:\/\/www.urlaub-hofbauer.de\/wordpress\/wp-json\/wp\/v2\/media?parent=43"}],"curies":[{"name":"wp","href":"https:\/\/api.w.org\/{rel}","templated":true}]}}