{"id":22,"date":"2013-05-13T10:30:56","date_gmt":"2013-05-13T08:30:56","guid":{"rendered":"http:\/\/www.urlaub-hofbauer.de\/wordpress\/?page_id=22"},"modified":"2014-06-05T14:55:13","modified_gmt":"2014-06-05T12:55:13","slug":"unser-hof","status":"publish","type":"page","link":"http:\/\/www.urlaub-hofbauer.de\/wordpress\/unser-hof\/","title":{"rendered":"Unser Hof"},"content":{"rendered":"ngg_shortcode_0_placeholder\n<p>&nbsp;<\/p>\n<p><strong>Gro\u00dfe Gemeinschaftsk\u00fcche<br \/>\n<\/strong>ngg_shortcode_1_placeholder<\/p>\n<p><strong>Fr\u00fchst\u00fcck in unserer Bauernstube<br \/>\n<\/strong><\/p>\nngg_shortcode_2_placeholder\n<p><span style=\"line-height: 1.4em;\">ngg_shortcode_3_placeholder<\/span><\/p>\n<p>&nbsp;<\/p>\n","protected":false},"excerpt":{"rendered":"<p>&nbsp; Gro\u00dfe Gemeinschaftsk\u00fcche Fr\u00fchst\u00fcck in unserer Bauernstube &nbsp; &hellip; <a class=\"more-link\" href=\"http:\/\/www.urlaub-hofbauer.de\/wordpress\/unser-hof\/\">Weiterlesen <span class=\"meta-nav\">&rarr;<\/span><\/a><\/p>\n","protected":false},"author":1,"featured_media":0,"parent":0,"menu_order":0,"comment_status":"closed","ping_status":"open","template":"","meta":{"ngg_post_thumbnail":0,"footnotes":""},"class_list":["post-22","page","type-page","status-publish","hentry"],"_links":{"self":[{"href":"http:\/\/www.urlaub-hofbauer.de\/wordpress\/wp-json\/wp\/v2\/pages\/22","targetHints":{"allow":["GET"]}}],"collection":[{"href":"http:\/\/www.urlaub-hofbauer.de\/wordpress\/wp-json\/wp\/v2\/pages"}],"about":[{"href":"http:\/\/www.urlaub-hofbauer.de\/wordpress\/wp-json\/wp\/v2\/types\/page"}],"author":[{"embeddable":true,"href":"http:\/\/www.urlaub-hofbauer.de\/wordpress\/wp-json\/wp\/v2\/users\/1"}],"replies":[{"embeddable":true,"href":"http:\/\/www.urlaub-hofbauer.de\/wordpress\/wp-json\/wp\/v2\/comments?post=22"}],"version-history":[{"count":28,"href":"http:\/\/www.urlaub-hofbauer.de\/wordpress\/wp-json\/wp\/v2\/pages\/22\/revisions"}],"predecessor-version":[{"id":136,"href":"http:\/\/www.urlaub-hofbauer.de\/wordpress\/wp-json\/wp\/v2\/pages\/22\/revisions\/136"}],"wp:attachment":[{"href":"http:\/\/www.urlaub-hofbauer.de\/wordpress\/wp-json\/wp\/v2\/media?parent=22"}],"curies":[{"name":"wp","href":"https:\/\/api.w.org\/{rel}","templated":true}]}}

ngg_shortcode_0_placeholder
<p>&nbsp;</p>
<p><strong>Große Gemeinschaftsküche<br />
</strong>ngg_shortcode_1_placeholder</p>
<p><strong>Frühstück in unserer Bauernstube<br />
</strong></p>
ngg_shortcode_2_placeholder
<p><span style="line-height: 1.4em;">ngg_shortcode_3_placeholder</span></p>
<p>&nbsp;</p>

<p>&nbsp; Große Gemeinschaftsküche Frühstück in unserer Bauernstube &nbsp; &hellip; <a class="more-link" href="http://www.urlaub-hofbauer.de/wordpress/unser-hof/">Weiterlesen <span class="meta-nav">&rarr;</span></a></p>
